9
Let z be (-1 + 1/(-2))/((-12)/(-2224)). Let p = z + 450. List the prime factors of p.
2, 43
Let a(s) = 17*s**3 - 3*s**2 + 5*s - 18. List the prime factors of a(5).
11, 17
List the prime factors of (16/2)/(3/(-597)*-2).
2, 199
Let g(w) = -w**3 + 6*w**2 + 4*w + 1. Let t(q) = -4*q**3 + 18*q**2 + 13*q + 2. Let n(m) = -7*g(m) + 2*t(m). Let x = 13 - 19. List the prime factors of n(x).
3
Let s(g) = -g**3 - 2*g**2 - 3*g - 1. Let f be s(-2). Suppose -202 = -25*v - 52. List the prime factors of (-50)/(-3)*v/f.
2, 5
Let o = -16 - -16. Suppose -4*r - 19 + 315 = o. What are the prime factors of r?
2, 37
What are the prime factors of (990/25)/((-1388)/280 + 5)?
2, 3, 7, 11
Let k = 5 - -3. Let r = -6 + k. Suppose r*f = -1 + 9. List the prime factors of f.
2
List the prime factors of (360/(-50))/(-12) + (-3187)/(-5).
2, 11, 29
Let y(n) be the first derivative of -3*n**2 + 69*n - 10. List the prime factors of y(0).
3, 23
Let r(c) = -c**3 - 10*c**2 - 10*c - 4. Let u be r(-9). Suppose -u*h + 0*h = -10. Suppose 2*f - 182 = -4*n, h*f = 4*n - n - 133. List the prime factors of n.
3, 5
Suppose 3*o = -2*o - 5, 0 = -4*h - 5*o + 671. What are the prime factors of h?
13
Let v = -3918 + 6244. What are the prime factors of v?
2, 1163
Suppose j = 3*q - 16, 0*q + 42 = -4*j + q. Let p(x) = -x - 13. Let w be p(j). What are the prime factors of (40/(-2))/(6/w)?
2, 5
Suppose -2*r = -3*s - 965, 4*s - 720 = 5*r - 3122. What are the prime factors of r?
2, 239
Let c = 750 - 210. List the prime factors of c.
2, 3, 5
Suppose -841 + 4123 = 3*z. What are the prime factors of z?
2, 547
Suppose o - 172 = 192. What are the prime factors of o?
2, 7, 13
List the prime factors of (-1 - -3)/(3988/(-1332) - -3).
3, 37
Let x(v) = 34*v - 243. What are the prime factors of x(31)?
811
Let n(p) = 6*p - 25. Let s be n(6). List the prime factors of (1/(-2))/(s/(-1166)).
53
Let j(q) = 5*q**2 + 20*q + 87. What are the prime factors of j(-22)?
3, 13, 53
Suppose -5*m = -141 - 289. What are the prime factors of m?
2, 43
Let y(o) = 26*o - 2. Suppose 10*z - 8*z - 6 = 0. List the prime factors of y(z).
2, 19
Let n be 0*(-1)/((-3)/(-1)). Let p = n - -2. Suppose p*x + 39 = 5*x. What are the prime factors of x?
13
Suppose 24*v + 7*v = 6851. List the prime factors of v.
13, 17
Suppose -2*m = -9 - 3. Suppose -4*a + 4 = -0*a + 2*s, 3*s = a + m. Suppose -6*x = -2*x + 12, a = -u + 3*x + 38. What are the prime factors of u?
29
Let r(p) be the third derivative of p**6/120 - p**5/10 - p**4/24 - p**3/6 + 4*p**2. Let a be r(3). Let b = -25 - a. List the prime factors of b.
2, 3
Let g = -116 - -170. Suppose -2*o - g - 149 = -a, -2 = -o. List the prime factors of a.
3, 23
Let o = -112 - -115. Suppose -4*q - 164 = -3*y + 158, 0 = o*y + q - 302. What are the prime factors of y?
2, 3, 17
Let x be (127 - 1) + (-18 - -15). What are the prime factors of x/((-3)/(-9)*3)?
3, 41
Suppose 2*o + 4*o - 510 = 0. Suppose -4*f - o = -9*f - n, 3*f + 5*n = 73. List the prime factors of f.
2
Let q be 1/((-1)/(-132)) - -1. Suppose -390 = 5*z - 4*y, 4*z - y + 323 = -0*y. Let k = z + q. List the prime factors of k.
3, 17
Let d be ((-4)/10)/((-1)/15). Let r(z) = z - 6. Let l be r(d). Suppose -9 = -5*u + h, 2*u + u + 5*h - 11 = l. List the prime factors of u.
2
Suppose 728 = -3*d + 194. Let q = 312 + d. Suppose 0 = -4*l + q - 30. What are the prime factors of l?
2, 13
Let x = -13 + 23. What are the prime factors of (8/(-6))/(x/(-6) + 1)?
2
Let t be 53/4 - (-1)/(-4). Let m = t - 63. Let i = 93 + m. List the prime factors of i.
43
Let b(c) = -c**2 - 6*c + 26. Let y be b(-8). What are the prime factors of (-2274)/(-63) + y/(-105)?
2, 3
Let i(h) be the second derivative of -h**5 + h**3/3 + h**2/2 + 10*h. List the prime factors of i(-1).
19
Suppose -7*p + 65 + 68 = 0. Let t = 167 - p. What are the prime factors of t?
2, 37
What are the prime factors of (4*(-4)/(-12))/(4/534)?
2, 89
Let b(l) be the first derivative of -l**2/2 + 28*l - 1. Suppose 0 = 17*i - 15*i. What are the prime factors of b(i)?
2, 7
What are the prime factors of (-10)/(-45) + 91856/72*1?
2, 11, 29
Let s(z) = -z**3 + 4*z**2 - 2*z + 6. Suppose -3*u - i = -17, 4*u - 4*i + 8 = u. Let h be s(u). List the prime factors of (0 - -1 - h) + 0.
3
Let v(q) = q**2 - 2*q + 1. Let j be v(0). Suppose -2*w - 3*w = -10. Suppose 5*m + j = 4*m + 5*t, w*m - 16 = t. List the prime factors of m.
3
Suppose 4*w = 7286 + 4886. List the prime factors of w.
17, 179
List the prime factors of (3 + -244)/(-2 - 42/(-24)).
2, 241
Let t = -6 - -11. Suppose t*a - 4*k = -k + 191, -a + 2*k = -34. Suppose 3*y - a = -2*y + 5*j, -3*y - 5*j = 16. What are the prime factors of y?
3
Suppose -151 = 4*t - 1079. What are the prime factors of t?
2, 29
Suppose -2*k + 44 = 2*k. Suppose -k*i + 6*i = -40. Let d = i - -1. What are the prime factors of d?
3
Suppose 19 = 3*q + 1. List the prime factors of (-411)/(-21) - q/(-14).
2, 5
What are the prime factors of -5*((-108)/10)/(5/25)?
2, 3, 5
Let l = 1268 + 317. List the prime factors of l.
5, 317
Let w(j) = -2*j**3 - 4*j**2 - 4*j - 3. Suppose -3*a + 11 = 17. List the prime factors of w(a).
5
Suppose 29 = 2*g + 13. Suppose 2*a = g*a - 414. What are the prime factors of a?
3, 23
Suppose 13*m - 1027 = -0*m. What are the prime factors of m?
79
Let o(g) = 33*g**2 + 3*g + 2. Suppose -33 = -4*y - 9. Suppose 0 = -y*m + 2*m - 4. List the prime factors of o(m).
2
Let n be (-4*(-4)/32)/((-2)/(-240)). Suppose 3*i = 405 + n. List the prime factors of i.
5, 31
Let x(d) = -2*d + 12. Let h be x(7). Let n be (13 + h)/(2/(-4)). Let a = n - -42. What are the prime factors of a?
2, 5
Let d(j) = 10*j**2 + 6*j + 2. Let b be d(-4). Suppose b = 2*g + g. Suppose 5*a - 4*f = 128, 4*a + 2*f = g + 46. What are the prime factors of a?
2, 3
Suppose -10*x - 26 = -12*x. Suppose -l + x = -69. List the prime factors of l.
2, 41
Let g = 2083 - 1218. List the prime factors of g.
5, 173
Suppose 3*u - 74 = i + 15, 0 = 5*u - 3*i - 147. Let f = 51 + u. List the prime factors of f.
3
Suppose -4*s = 3*a - s - 4380, 3*s = 0. What are the prime factors of a?
2, 5, 73
Let v(c) = -5*c + 49. Let p be 0/((-6)/(-4)*-2). List the prime factors of v(p).
7
Let b = -1697 - 1165. List the prime factors of (-5)/((-30)/4)*b/(-12).
3, 53
Let s be (4/(24/(-9)))/((-3)/966). Suppose -s = -6*a - 171. What are the prime factors of a?
2, 13
Let h(g) = 6*g**2 + g. Let v = 5 + -6. Let p be h(v). Suppose 2*r - 5*n = 11, 7*n = p*r + 2*n - 35. List the prime factors of r.
2
Suppose -m - 15 = 4*m, -4*m + 713 = 5*i. List the prime factors of i.
5, 29
Let k be (-11)/2 - (-3)/2. Let w(z) = 2*z + 5. Let p be w(k). List the prime factors of 14/3 - 1/p.
5
What are the prime factors of (-90)/495 - (-5348)/11?
2, 3
Let a(l) = -3*l**3 - 2*l**2 + 1. Let c be a(-1). Suppose 0 = -6*s + 10*s + 20, -q = s - 2. Let m = q + c. What are the prime factors of m?
3
Let o be (-6)/18 - 124/6. List the prime factors of ((-14)/o)/((-2)/(-219)).
73
Suppose -2*g - 3*g - r = -859, -r = -4*g + 680. What are the prime factors of g?
3, 19
Let d be 4/(4/(-5 - 3)). Let z = d - -10. Suppose -4*o - q - q + 186 = 0, 5*o - 219 = z*q. What are the prime factors of o?
3, 5
What are the prime factors of 891/1*((-5)/3)/(-5)?
3, 11
Suppose -1957 = -3*c - 2*q, 0 = c + c - q - 1293. List the prime factors of c.
11, 59
Suppose 526 = z + 5*w, 5*z - 44*w + 46*w = 2515. What are the prime factors of z?
3, 167
Suppose -z - 6 = z. List the prime factors of z/(1 + (-114)/112).
2, 3, 7
What are the prime factors of (-4958)/(-5) - 88/(-220)?
2, 31
Let o = -11 + 119. Suppose 0 = k + k + o. Let u = k + 75. What are the prime factors of u?
3, 7
Suppose 50*t - 51*t = 0, 3*a - 3525 = -3*t. List the prime factors of a.
5, 47
Let r(a) = a**2 + 28*a + 169. What are the prime factors of r(-36)?
457
Let m be 110/18 + -3 + 130/45. Suppose -10*g + 1280 = m*g. What are the prime factors of g?
2, 5
Let r be (-2994)/(-4) + 9/6. Suppose 6*a - 5*x = 2*a + 1003, -3*a + 3*x = -r. List the prime factors of a.
13, 19
Let n(w) = 8*w + 363. What are the prime factors of n(26)?
571
Suppose -h + 28 = 4*t, h = -2*t - h + 20. Let z = 6 - 11. Let d = t - z. What are the prime factors of d?
11
Suppose 4*q - 69 = 35. Let w = q + -12. Suppose 0 = 2*g - w + 4. List the prime factors of g.
5
Let u = 232 + 277. List the prime fa